hat is the hundreds digit of 6744?
7
What is the units digit of 7630?
0
What is the units digit of 34312?
2
What is the units digit of 66?
6
What is the units digit of 2632?
2
What is the units digit of 3465?
5
What is the hundreds digit of 1864?
8
What is the hundreds digit of 682?
6
What is the tens digit of 528?
2
What is the units digit of 334?
4
What is the hundreds digit of 2527?
5
What is the units digit of 8398?
8
What is the hundred thousands digit of 140127?
1
What is the hundreds digit of 503?
5
What is the units digit of 25700?
0
What is the hundreds digit of 10742?
7
What is the hundreds digit of 564?
5
What is the tens digit of 498?
9
What is the units digit of 817?
7
What is the hundreds digit of 72225?
2
What is the tens digit of 24996?
9
What is the tens digit of 32724?
2
What is the thousands digit of 8731?
8
What is the tens digit of 50622?
2
What is the hundreds digit of 3133?
1
What is the units digit of 451?
1
What is the tens digit of 1882?
8
What is the tens digit of 98066?
6
What is the units digit of 70?
0
What is the hundreds digit of 2618?
6
What is the units digit of 3657?
7
What is the hundreds digit of 3520?
5
What is the units digit of 20963?
3
What is the units digit of 2023?
3
What is the tens digit of 281?
8
What is the tens digit of 5094?
9
What is the units digit of 27785?
5
What is the tens digit of 2067?
6
What is the units digit of 6860?
0
What is the ten thousands digit of 108283?
0
What is the tens digit of 537?
3
What is the hundreds digit of 39407?
4
What is the tens digit of 6296?
9
What is the ten thousands digit of 32318?
3
What is the tens digit of 381?
8
What is the tens digit of 1699?
9
What is the hundreds digit of 2902?
9
What is the units digit of 1365?
5
What is the tens digit of 80297?
9
What is the thousands digit of 13677?
3
What is the tens digit of 12046?
4
What is the thousands digit of 2235?
2
What is the units digit of 590?
0
What is the tens digit of 1942?
4
What is the hundreds digit of 27074?
0
What is the tens digit of 9718?
1
What is the tens digit of 17712?
1
What is the tens digit of 918?
1
What is the tens digit of 3250?
5
What is the units digit of 927?
7
What is the units digit of 27254?
4
What is the thousands digit of 3271?
3
What is the tens digit of 607?
0
What is the units digit of 171154?
4
What is the units digit of 605?
5
What is the hundreds digit of 448?
4
What is the thousands digit of 43479?
3
What is the thousands digit of 2850?
2
What is the tens digit of 2030?
3
What is the units digit of 1512?
2
What is the ten thousands digit of 13668?
1
What is the hundreds digit of 711?
7
What is the units digit of 1432?
2
What is the tens digit of 5305?
0
What is the units digit of 7324?
4
What is the hundreds digit of 8852?
8
What is the tens digit of 14714?
1
What is the tens digit of 43616?
1
What is the hundreds digit of 825?
8
What is the hundreds digit of 66048?
0
What is the hundreds digit of 643?
6
What is the thousands digit of 1920?
1
What is the units digit of 603?
3
What is the tens digit of 4590?
9
What is the units digit of 19647?
7
What is the units digit of 497?
7
What is the units digit of 284?
4
What is the units digit of 1475?
5
What is the tens digit of 753?
5
What is the tens digit of 8460?
6
What is the tens digit of 6799?
9
What is the hundreds digit of 857?
8
What is the hundreds digit of 3022?
0
What is the ten thousands digit of 26024?
2
What is the hundreds digit of 35167?
1
What is the units digit of 11054?
4
What is the units digit of 3805?
5
What is the thousands digit of 5600?
5
What is the thousands digit of 170130?
0
What is the ten thousands digit of 72007?
7
What is the tens digit of 471?
7
What is the units digit of 3736?
6
What is the ten thousands digit of 109644?
0
What is the hundreds digit of 1250?
2
What is the hundreds digit of 9986?
9
What is the units digit of 4884?
4
What is the thousands digit of 8030?
8
What is the hundreds digit of 1180?
1
What is the tens digit of 37968?
6
What is the hundreds digit of 6150?
1
What is the units digit of 7689?
9
What is the thousands digit of 1033?
1
What is the hundreds digit of 4359?
3
What is the hundreds digit of 661?
6
What is the units digit of 7166?
6
What is the hundreds digit of 24237?
2
What is the units digit of 92047?
7
What is the tens digit of 3107?
0
What is the tens digit of 313?
1
What is the units digit of 967?
7
What is the thousands digit of 3865?
3
What is the units digit of 1021?
1
What is the hundreds digit of 1430?
4
What is the ten thousands digit of 70067?
7
What is the units digit of 2642?
2
What is the tens digit of 5183?
8
What is the hundreds digit of 5965?
9
What is the hundreds digit of 153?
1
What is the units digit of 397?
7
What is the units digit of 6261?
1
What is the hundreds digit of 6639?
6
What is the tens digit of 15572?
7
What is the ten thousands digit of 27839?
2
What is the thousands digit of 10394?
0
What is the thousands digit of 18248?
8
What is the units digit of 74134?
4
What is the hundreds digit of 546?
5
What is the units digit of 6089?
9
What is the tens digit of 7867?
6
What is the tens digit of 120354?
5
What is the units digit of 2540?
0
What is the units digit of 9465?
5
What is the units digit of 84744?
4
What is the units digit of 30819?
9
What is the thousands digit of 6437?
6
What is the hundred thousands digit of 108186?
1
What is the hundreds digit of 5940?
9
What is the units digit of 15764?
4
What is the units digit of 4801?
1
What is the ten thousands digit of 36275?
3
What is the thousands digit of 7879?
7
What is the tens digit of 70765?
6
What is the tens digit of 7801?
0
What is the ten thousands digit of 13992?
1
What is the units digit of 1078?
8
What is the thousands digit of 1651?
1
What is the ten thousands digit of 129007?
2
What is the thousands digit of 41123?
1
What is the ten thousands digit of 41677?
4
What is the tens digit of 24109?
0
What is the hundreds digit of 20599?
5
What is the hundreds digit of 2032?
0
What is the units digit of 4334?
4
What is the thousands digit of 1221?
1
What is the ten thousands digit of 34789?
3
What is the thousands digit of 1507?
1
What is the hundreds digit of 2682?
6
What is the hundreds digit of 3353?
3
What is the tens digit of 3216?
1
What is the thousands digit of 5048?
5
What is the hundreds digit of 36352?
3
What is the thousands digit of 3993?
3
What is the tens digit of 8875?
7
What is the ten thousands digit of 24740?
2
What is the units digit of 7941?
1
What is the thousands digit of 5476?
5
What is the tens digit of 2900?
0
What is the thousands digit of 19035?
9
What is the thousands digit of 1983?
1
What is the hundreds digit of 1088?
0
What is the hundreds digit of 692?
6
What is the hundreds digit of 38813?
8
What is the units digit of 340?
0
What is the units digit of 191?
1
What is the hundreds digit of 2465?
4
What is the tens digit of 4557?
5
What is the units digit of 8109?
9
What is the units digit of 347?
7
What is the hundreds digit of 833?
8
What is the units digit of 29884?
4
What is the units digit of 110?
0
What is the tens digit of 1900?
0
What is the units digit of 37516?
6
What is the hundreds digit of 1284?
2
What is the units digit of 66?
6
What is the thousands digit of 57680?
7
What is the units digit of 558?
8
What is the tens digit of 8136?
3
What is the hundreds digit of 4126?
1
What is the units digit of 1378?
8
What is the ten thousands digit of 110760?
1
What is the tens digit of 1050?
5
What is the thousands digit of 5050?
5
What is the tens digit of 28854?
5
What is the ten thousands digit of 15674?
1
What is the tens digit of 9116?
1
What is the ten thousands digit of 21263?
2
What is the units digit of 10519?
9
What is the hundreds digit of 48804?
8
What is the units digit of 3651?
1
What is the units digit of 41770?
0
What is the units digit of 4016?
6
What is the ten thousands digit of 22153?
2
What is the ten thousands digit of 38326?
3
What is the ten thousands digit of 36056?
3
What is the thousands digit of 1975?
1
What is the hundreds digit of 1212?
2
What is the thousands digit of 8354?
8
What is the units digit of 58402?
2
What is the hundreds digit of 10805?
8
What is the hundreds digit of 60112?
1
What is the hu